0 and o.
20
Let t(u) = u**3 - 16*u**2 - 14*u - 9. Let y = -45 - -62. Let c be t(y). What is the highest common divisor of 56 and c?
14
Let g(l) = 6*l**2 + 16*l + 69. Let y be g(-8). What is the highest common divisor of 91 and y?
13
Suppose -19681 = -61*g + 3499. Calculate the greatest common divisor of 20 and g.
20
Let u be 715/(-2)*(-404)/505. What is the highest common factor of u and 299?
13
Suppose 35*s - 323 = -953. Let p be (1 - 4)*41/(-1). Let o = s + p. What is the highest common factor of 42 and o?
21
Suppose -w = -29*w + 252. Let c(g) = 72*g - 270. Let k be c(w). Calculate the highest common divisor of k and 14.
14
Let m = 10383 + -9879. What is the greatest common divisor of 1638 and m?
126
Suppose -16 - 2611 = -9*m + 46. Calculate the highest common divisor of 1177 and m.
11
Let d(b) = -b**2 + 37*b - 6. Let f be d(15). Calculate the highest common factor of 504 and f.
36
Let s be (-5)/5 - 186/(-24)*-2*-14. What is the highest common divisor of s and 8?
8
Let i = 242 + -209. Suppose 14 = -s + 102. What is the greatest common factor of s and i?
11
Let y(o) = o**2 + o - 6. Let z be y(-6). Suppose 30*l + 44*l - 62*l - 20976 = -26*l. Calculate the greatest common factor of l and z.
24
Suppose -8*d + 14 = -6*d - o, -4*o - 21 = -d. Suppose -d*s + 137 = -3*x - 204, -2*s + 5*x = -125. What is the highest common factor of 10 and s?
10
Let l be (0 - 18)*(6 + 23/((-276)/392)). Calculate the highest common factor of l and 510.
30
Let h = 11 - -4. Suppose -2*c - 4*i + 191 - 45 = 0, -4*c + 328 = -4*i. Let g = c + -69. Calculate the greatest common factor of g and h.
5
Suppose 95*x = 73*x + 44. Let f = 79 + -47. Calculate the highest common divisor of f and x.
2
Let t(v) = v**2 + 24*v - 610. Let r be t(16). What is the greatest common divisor of r and 1010?
10
Suppose -i + 2*i - 21 = 0. Let r(c) = -c**2 + 173*c + 10913. Let a be r(-49). Calculate the greatest common divisor of a and i.
7
Let d = -67 + 123. Suppose 90*x = 75*x + 225. Suppose 5*g = -h + 5*h + x, 22 = g + 3*h. Calculate the greatest common factor of d and g.
7
Let p = -32 - -380. Let r = -288 + p. Calculate the greatest common factor of r and 80.
20
Let j be (39/(-15) - -3)/(8/920). Suppose j*r - 42 = 45*r. What is the highest common factor of r and 6?
6
Let n = -98 - -96. Let i be (n - (-3828)/30) + (-6)/10. Let z(j) = -j**2 + 14*j + 2. Let l be z(6). Calculate the greatest common divisor of l and i.
25
Suppose 3*t - 52 = -h, 2*t = 7*t + 5*h - 90. Let w(v) = 11*v + v + 27 - 26. Let g be w(7). What is the highest common factor of g and t?
17
Let x(m) = m**2 + 4*m - 29. Let o = -196 + 203. Let f be x(o). Calculate the highest common factor of 432 and f.
48
Let z = -138162 - -138324. Let u(h) = -2*h**3 - h**2 + 3*h + 2. Let p be u(3). Let y = -34 - p. Calculate the greatest common factor of y and z.
18
Suppose -4*k + 5*v + 91519 = 0, -2*k + 48181 = -2*v + 2421. What is the highest common divisor of 87 and k?
87
Suppose 2*y = 735 - 133. Suppose q - 5*n - 10 - y = 0, q = -2*n + 276. Let i = 17852 - 17826. Calculate the highest common divisor of i and q.
26
Suppose 157 = -43*d + 1189. Calculate the highest common divisor of d and 6024.
24
Let g(f) = -f**3 - f**2 - f + 12. Let z(d) = d**2 - 4*d - 21. Let p be z(7). Let m be g(p). Calculate the highest common factor of m and 204.
12
Let m(j) = -j**2 + 8*j + 17. Let p be m(9). Let t be (5/10 - 22/12)*-258. Calculate the greatest common factor of t and p.
8
Let y be (396/(-14))/((-258)/4816). Suppose -2*k = -5*t - 132, -t = -k + t + 66. What is the highest common factor of k and y?
66
Let r = 5762 - 4443. What is the highest common factor of 1 and r?
1
Suppose -2*v = -0*v + 4*f - 12, f + 4 = 0. Let n(k) = k**3 - 6*k**2 + 8*k + 5. Let i be n(6). Let a = i + -39. What is the greatest common factor of a and v?
14
Suppose 3376*s = 3368*s + 1408. Calculate the highest common factor of 35024 and s.
176
Suppose -70*h + 62*h + 6896 = 0. Suppose -886 = -a - h. What is the greatest common factor of 600 and a?
24
Suppose 2*k - 288 = 3*c, -5*k + 10*k + 4*c - 720 = 0. Calculate the greatest common divisor of k and 828.
36
Suppose 18 = -0*d + d + 4*h, 5*d = 3*h + 136. Suppose 90 - 26 = 4*c - 2*o, 76 = 4*c - 4*o. What is the greatest common factor of d and c?
13
Let k be ((0 + 4)/8)/(2/1380). Calculate the highest common divisor of k and 120.
15
Let v be -22 + 6/15*15. Let g(q) = -q**3 - 17*q**2 - 15*q + 26. Let b be g(v). What is the greatest common factor of 265 and b?
5
Let r be (-4 - -1)*-2 + 26/26. Suppose -s + 5*o + 9 = 0, 2*s - 4*o = 7 + 11. Suppose s*d - 35 = 532. Calculate the highest common divisor of r and d.
7
Let c = 306 + -287. Suppose -r = -163 + 18. Suppose -2*p + 449 = r. Calculate the highest common factor of c and p.
19
Suppose g + 0 = q - 5, 4*q + 1 = -3*g. Suppose -q*w - w - 210 = 0. Let p = w + 135. Calculate the highest common divisor of p and 13.
13
Suppose 15*q - 12*q - 5*l + 56 = 0, -3*l = 2*q + 12. Let y(r) = -r**2 - 17*r. Let o be y(q). Calculate the highest common factor of o and 20.
20
Suppose 24 = f + 5*b, -f + 2*b = -5*f + 6. Let n be -2 - (-1)/(0 - f/15). Calculate the highest common divisor of n and 39.
13
Let i be 938/16 + (-132)/(-352). Let z = i - 5. Calculate the greatest common factor of z and 135.
27
Let s(x) = -1037*x - 36. Let g be s(-1). Let d = g + -911. Calculate the greatest common divisor of 810 and d.
90
Suppose -2*a = -2*q, -3*q + 3 = -a - 7. Suppose 4*o = -15*o + 4180. Let i be o/(-132)*(-54)/2. Calculate the highest common divisor of i and q.
5
Let a be 312*(32 + -34)*((-4)/(-6))/(-1). What is the greatest common divisor of a and 664?
8
Let w(p) = -p**2 + 6*p + 24. Let b be w(9). Let v be (117/(-18))/(b/6). Calculate the highest common divisor of 65 and v.
13
Let c be -1*(316/(-26) + (-7 - (-1209)/169)). What is the highest common divisor of c and 1662?
6
Let c be (-24)/(-6)*(-261)/(-36). Calculate the highest common factor of c and 6177.
29
Suppose -j + 538 = 2*t, -3*t = -5*j - 4*t + 2726. Suppose -5*p = 5*z - z - j, -5*z + 435 = 4*p. Calculate the highest common divisor of 20 and p.
10
Let m be (8 + 34)*((-4)/21)/(32/(-432)). What is the highest common factor of 76 and m?
4
Let r be (6 - 4708/33)/(1 - 8/6). Calculate the highest common divisor of r and 3854.
82
Let k(x) = -x**3 - 8*x**2 + 2*x + 48. Let s be k(-8). Calculate the highest common factor of 376 and s.
8
Let m be (-3)/(6/(-4)) - 45/(-9). Suppose m*s = 10*s - 36. Suppose s = -k + 33. Calculate the greatest common divisor of 28 and k.
7
Let k(x) be the third derivative of 1/4*x**4 - 2/3*x**3 + 1/30*x**5 + 31*x**2 + 0*x + 0. Let h be k(-10). What is the greatest common divisor of h and 17?
17
Let b be 1 + 4 + 28/(-28) + -1 + 41. Calculate the greatest common factor of 2563 and b.
11
Let u(c) = 373*c**2 + 51*c - 6. Let s be u(-5). Calculate the greatest common divisor of s and 32.
8
Suppose 0 = 5*i + 4*m - 244, -1011*m - 141 = -3*i - 1008*m. Calculate the greatest common divisor of i and 560.
16
Let u be (-20)/3*7650/(-1020). Let i(x) = 2*x**2 - 3*x - 5. Let w be i(5). Calculate the highest common factor of w and u.
10
Suppose 99*w + 438 - 12813 = 0. Calculate the highest common divisor of 575 and w.
25
Let t = 834 - 814. Suppose 0 = -27*f + t*f + 42. What is the highest common factor of 6 and f?
6
Let j(p) = -2*p**2 + 31*p + 51. Let d = -480 - -496. Let k be j(d). Let l = 11 + 3. Calculate the highest common factor of k and l.
7
Suppose 0 = 7*c - 12*c + 5*i + 35, -4*i - 38 = -5*c. Let o(g) = g**3 + 12*g**2 - 16*g - 31. Let m be o(-13). What is the greatest common divisor of m and c?
2
Let r be (2/(-5))/((-3)/(-180))*-1. Suppose -3*u - 147 = -n, 22*n - 438 = 19*n + 6*u. Calculate the highest common factor of n and r.
24
Let t(g) = -2*g - 6. Let r(i) = 22*i + 46. Let o(w) = -r(w) - 8*t(w). Suppose -l + 4*l + 30 = 0. Let p be o(l). What is the greatest common factor of p and 31?
31
Let j be (-1 - -1)*(8 + -7). Suppose -10*n + 5*n = j. Suppose 2*r + 3*r = -d + 12, n = -r. Calculate the greatest common factor of 8 and d.
4
Let l = 16488 - 14272. Calculate the greatest common divisor of 32 and l.
8
Let m be (18/(-12) - 5)*-2. Suppose m = -2*a + 35. What is the greatest common divisor of a and 187?
11
Let y(z) = z**2 - 42*z + 308. Let u be y(8). Ca